{"version":"1.0","type":"rich","provider_name":"Cin\u00e9Femme","provider_url":"https:\/\/www.cinefemme.be","title":"LA VENUS \u00c9LECTRIQUE fera l&#8217;Ouverture du Festival de Cannes 2026&nbsp;!","author_name":"Cinefemme","width":"480","height":"295","url":"https:\/\/www.cinefemme.be\/LA-VENUS-ELECTRIQUE-fera-l","html":"\u003Ch4 class='title'\u003E\u003Ca href='https:\/\/www.cinefemme.be\/LA-VENUS-ELECTRIQUE-fera-l'\u003ELA VENUS \u00c9LECTRIQUE fera l&#8217;Ouverture du Festival de Cannes 2026&nbsp;!\u003C\/a\u003E\u003C\/h4\u003E\u003Cblockquote class='spip'\u003E\n\u003Cp\u003ELe mardi 12 mai 26 , pour donner le coup d\u2019envoi de la 79e \u00e9dition du Festival de Cannes, le nouveau film du r\u00e9alisateur et sc\u00e9nariste fran\u00e7ais Pierre Salvadori sera pr\u00e9sent\u00e9 en avant-premi\u00e8re mondiale dans le Grand Th\u00e9\u00e2tre Lumi\u00e8re, \u00e0 l\u2019issue de la c\u00e9r\u00e9monie d\u2019ouverture anim\u00e9e par la com\u00e9dienne Eye Ha\u00efdara. Au m\u00eame moment, La V\u00e9nus \u00e9lectrique sera \u00e9galement projet\u00e9 dans toutes les salles fran\u00e7aises, afin d\u2019offrir aux spectateurs une occasion de se rassembler autour de cette com\u00e9die&nbsp;(\u2026)\u003C\/p\u003E\n\u003C\/blockquote\u003E\n"}

CinéFemme

LA VENUS ÉLECTRIQUE fera l&#8217;Ouverture du Festival de Cannes 2026&nbsp;!

<h4 class='title'><a href='https://www.cinefemme.be/LA-VENUS-ELECTRIQUE-fera-l'>LA VENUS ÉLECTRIQUE fera l&#8217;Ouverture du Festival de Cannes 2026&nbsp;!</a></h4><blockquote class='spip'>
<p>Le mardi 12 mai 26 , pour donner le coup d’envoi de la 79e édition du Festival de Cannes, le nouveau film du réalisateur et scénariste français Pierre Salvadori sera présenté en avant-première mondiale dans le Grand Théâtre Lumière, à l’issue de la cérémonie d’ouverture animée par la comédienne Eye Haïdara. Au même moment, La Vénus électrique sera également projeté dans toutes les salles françaises, afin d’offrir aux spectateurs une occasion de se rassembler autour de cette comédie&nbsp;(…)</p>
</blockquote>
